{"id":6,"date":"2022-02-07T12:37:32","date_gmt":"2022-02-07T12:37:32","guid":{"rendered":"http:\/\/www.maripohjanvesi.fi\/?page_id=6"},"modified":"2023-02-05T10:43:06","modified_gmt":"2023-02-05T10:43:06","slug":"home","status":"publish","type":"page","link":"https:\/\/maripohjanvesi.fi\/","title":{"rendered":"Home"},"content":{"rendered":"<p>[et_pb_section fb_built=&#8221;1&#8243; admin_label=&#8221;Header&#8221; _builder_version=&#8221;4.14.7&#8243; use_background_color_gradient=&#8221;on&#8221; background_color_gradient_start=&#8221;rgba(126,164,201,0.33)&#8221; background_color_gradient_end=&#8221;rgba(41,196,169,0)&#8221; background_color_gradient_direction=&#8221;90deg&#8221; background_color_gradient_start_position=&#8221;50%&#8221; background_color_gradient_end_position=&#8221;0%&#8221; background_image=&#8221;https:\/\/maripohjanvesi.fi\/wp-content\/uploads\/2022\/02\/273217756_4824072287676304_1654713696104292749_n.png&#8221; background_position=&#8221;center_left&#8221; custom_margin=&#8221;||-172px|||&#8221; custom_padding=&#8221;||12vw||false|false&#8221; background_last_edited=&#8221;on|phone&#8221; background_color_gradient_direction_tablet=&#8221;0deg&#8221; background_color_gradient_direction_phone=&#8221;90deg&#8221; background_color_gradient_start_position_phone=&#8221;84%&#8221; global_colors_info=&#8221;{}&#8221;][et_pb_row column_structure=&#8221;1_2,1_2&#8243; _builder_version=&#8221;4.14.7&#8243; width=&#8221;100%&#8221; global_colors_info=&#8221;{}&#8221;][et_pb_column type=&#8221;1_2&#8243; _builder_version=&#8221;4.5.1&#8243; z_index=&#8221;10&#8243; global_colors_info=&#8221;{}&#8221;][et_pb_text _builder_version=&#8221;4.14.7&#8243; text_font_size=&#8221;100px&#8221; text_letter_spacing=&#8221;5px&#8221; text_line_height=&#8221;2em&#8221; header_font=&#8221;Montserrat|800||on|||||&#8221; header_text_color=&#8221;#000000&#8243; header_font_size=&#8221;7vw&#8221; header_line_height=&#8221;1.2em&#8221; min_height=&#8221;108px&#8221; custom_margin=&#8221;3px|-22vw|5px|-15px|false|false&#8221; custom_margin_tablet=&#8221;|0vw|||false|false&#8221; custom_margin_phone=&#8221;3px|0vw|5px|-2px|false|false&#8221; custom_margin_last_edited=&#8221;on|phone&#8221; custom_padding=&#8221;|||17px||&#8221; global_colors_info=&#8221;{}&#8221;]<\/p>\n<h1><span style=\"font-size: xx-large;\">Mari Pohjanvesi<\/span><\/h1>\n<p>[\/et_pb_text][et_pb_text _builder_version=&#8221;4.14.7&#8243; text_font=&#8221;Merriweather||||||||&#8221; text_text_color=&#8221;#000000&#8243; text_font_size=&#8221;26px&#8221; text_line_height=&#8221;2em&#8221; width=&#8221;95.7%&#8221; max_width=&#8221;314px&#8221; min_height=&#8221;258px&#8221; custom_margin=&#8221;|||11px|false|false&#8221; custom_padding=&#8221;|0px||6px||&#8221; text_font_size_tablet=&#8221;18px&#8221; text_font_size_phone=&#8221;16px&#8221; text_font_size_last_edited=&#8221;on|phone&#8221; global_colors_info=&#8221;{}&#8221;]<\/p>\n<p>Visual artist and Designer<\/p>\n<p>&nbsp;<\/p>\n<p>[\/et_pb_text][\/et_pb_column][et_pb_column type=&#8221;1_2&#8243; _builder_version=&#8221;4.5.1&#8243; global_colors_info=&#8221;{}&#8221;][et_pb_image src=&#8221;https:\/\/maripohjanvesi.fi\/wp-content\/uploads\/2022\/02\/20200821_Monidor_videokuvaus_Mari-transparent-1.png&#8221; alt=&#8221;Mari Pohjanvesi&#8221; title_text=&#8221;Mari&#8221; _builder_version=&#8221;4.14.7&#8243; background_enable_image=&#8221;off&#8221; background_size=&#8221;initial&#8221; background_position=&#8221;top_right&#8221; width=&#8221;111.7%&#8221; custom_margin=&#8221;-50px|-50px|-2px|-14px|false|false&#8221; custom_padding=&#8221;55px|50px|130px|0px|false|false&#8221; border_width_all=&#8221;4px&#8221; border_color_all=&#8221;#FFFFFF&#8221; global_colors_info=&#8221;{}&#8221;][\/et_pb_image][\/et_pb_column][\/et_pb_row][\/et_pb_section][et_pb_section fb_built=&#8221;1&#8243; admin_label=&#8221;Gallery&#8221; _builder_version=&#8221;4.5.1&#8243; custom_margin=&#8221;29px|||||&#8221; global_colors_info=&#8221;{}&#8221;][et_pb_row column_structure=&#8221;1_5,1_5,1_5,1_5,1_5&#8243; use_custom_gutter=&#8221;on&#8221; gutter_width=&#8221;2&#8243; _builder_version=&#8221;4.5.7&#8243; z_index=&#8221;10&#8243; width=&#8221;90%&#8221; max_width=&#8221;1600px&#8221; min_height=&#8221;511.3px&#8221; custom_margin=&#8221;-10vw|auto||auto|false|false&#8221; custom_margin_tablet=&#8221;||0px||false|false&#8221; custom_margin_phone=&#8221;&#8221; custom_margin_last_edited=&#8221;on|desktop&#8221; border_color_all=&#8221;#000000&#8243; border_width_top=&#8221;5px&#8221; border_width_bottom=&#8221;5px&#8221; global_colors_info=&#8221;{}&#8221;][et_pb_column type=&#8221;1_5&#8243; _builder_version=&#8221;4.5.7&#8243; global_colors_info=&#8221;{}&#8221;][et_pb_image src=&#8221;https:\/\/maripohjanvesi.fi\/wp-content\/uploads\/2022\/08\/IMG_0004-2-scaled.jpg&#8221; alt=&#8221;Cat&#8221; title_text=&#8221;IMG_0004 (2)&#8221; show_in_lightbox=&#8221;on&#8221; use_overlay=&#8221;on&#8221; overlay_icon_color=&#8221;#000000&#8243; _builder_version=&#8221;4.14.7&#8243; locked=&#8221;off&#8221; global_colors_info=&#8221;{}&#8221;][\/et_pb_image][\/et_pb_column][et_pb_column type=&#8221;1_5&#8243; _builder_version=&#8221;4.4.9&#8243; global_colors_info=&#8221;{}&#8221;][et_pb_image src=&#8221;https:\/\/maripohjanvesi.fi\/wp-content\/uploads\/2022\/02\/IMG_0001-scaled.jpg&#8221; title_text=&#8221;rock&#8221; show_in_lightbox=&#8221;on&#8221; use_overlay=&#8221;on&#8221; overlay_icon_color=&#8221;#000000&#8243; _builder_version=&#8221;4.14.7&#8243; locked=&#8221;off&#8221; global_colors_info=&#8221;{}&#8221;][\/et_pb_image][\/et_pb_column][et_pb_column type=&#8221;1_5&#8243; _builder_version=&#8221;4.4.9&#8243; global_colors_info=&#8221;{}&#8221;][et_pb_image src=&#8221;https:\/\/maripohjanvesi.fi\/wp-content\/uploads\/2022\/02\/272825663_1126255064795821_4987480179893305012_n.jpg&#8221; title_text=&#8221;bosslady&#8221; show_in_lightbox=&#8221;on&#8221; use_overlay=&#8221;on&#8221; overlay_icon_color=&#8221;#000000&#8243; _builder_version=&#8221;4.14.7&#8243; locked=&#8221;off&#8221; global_colors_info=&#8221;{}&#8221;][\/et_pb_image][\/et_pb_column][et_pb_column type=&#8221;1_5&#8243; _builder_version=&#8221;4.4.9&#8243; global_colors_info=&#8221;{}&#8221;][et_pb_image src=&#8221;https:\/\/maripohjanvesi.fi\/wp-content\/uploads\/2022\/08\/20220809_202558.jpg&#8221; alt=&#8221;Crazy cat person&#8221; title_text=&#8221;20220809_202558&#8243; show_in_lightbox=&#8221;on&#8221; use_overlay=&#8221;on&#8221; overlay_icon_color=&#8221;#000000&#8243; _builder_version=&#8221;4.14.7&#8243; min_height=&#8221;167px&#8221; height=&#8221;354px&#8221; max_height=&#8221;1000px&#8221; locked=&#8221;off&#8221; global_colors_info=&#8221;{}&#8221;][\/et_pb_image][\/et_pb_column][et_pb_column type=&#8221;1_5&#8243; _builder_version=&#8221;4.4.9&#8243; global_colors_info=&#8221;{}&#8221;][et_pb_image src=&#8221;https:\/\/maripohjanvesi.fi\/wp-content\/uploads\/2022\/02\/272862070_999289964300090_6203492953596522481_n.jpg&#8221; title_text=&#8221;earth&#8221; show_in_lightbox=&#8221;on&#8221; use_overlay=&#8221;on&#8221; overlay_icon_color=&#8221;#000000&#8243; _builder_version=&#8221;4.14.7&#8243; locked=&#8221;off&#8221; global_colors_info=&#8221;{}&#8221;][\/et_pb_image][\/et_pb_column][\/et_pb_row][\/et_pb_section][et_pb_section fb_built=&#8221;1&#8243; admin_label=&#8221;About&#8221; _builder_version=&#8221;4.4.9&#8243; global_colors_info=&#8221;{}&#8221;][et_pb_row _builder_version=&#8221;4.4.9&#8243; global_colors_info=&#8221;{}&#8221;][et_pb_column type=&#8221;4_4&#8243; _builder_version=&#8221;4.4.9&#8243; global_colors_info=&#8221;{}&#8221;][et_pb_text _builder_version=&#8221;4.4.9&#8243; text_line_height=&#8221;2em&#8221; header_2_font=&#8221;Merriweather||||||||&#8221; header_2_text_color=&#8221;#000000&#8243; header_2_font_size=&#8221;76px&#8221; header_2_line_height=&#8221;1.2em&#8221; text_orientation=&#8221;center&#8221; header_2_font_size_tablet=&#8221;40px&#8221; header_2_font_size_phone=&#8221;35px&#8221; header_2_font_size_last_edited=&#8221;on|phone&#8221; locked=&#8221;off&#8221; global_colors_info=&#8221;{}&#8221;]<\/p>\n<h2>About me<\/h2>\n<p>[\/et_pb_text][\/et_pb_column][\/et_pb_row][et_pb_row column_structure=&#8221;1_3,1_3,1_3&#8243; make_equal=&#8221;on&#8221; _builder_version=&#8221;4.14.7&#8243; max_width=&#8221;1600px&#8221; filter_hue_rotate=&#8221;359deg&#8221; filter_saturate=&#8221;125%&#8221; filter_brightness=&#8221;103%&#8221; filter_contrast=&#8221;110%&#8221; global_colors_info=&#8221;{}&#8221;][et_pb_column type=&#8221;1_3&#8243; _builder_version=&#8221;4.4.9&#8243; global_colors_info=&#8221;{}&#8221;][et_pb_image src=&#8221;https:\/\/maripohjanvesi.fi\/wp-content\/uploads\/2022\/04\/20220405_112021.jpg&#8221; alt=&#8221;Mari v\u00e4rillinen&#8221; title_text=&#8221;20220405_112021&#8243; _builder_version=&#8221;4.14.7&#8243; filter_saturate=&#8221;63%&#8221; global_colors_info=&#8221;{}&#8221;][\/et_pb_image][\/et_pb_column][et_pb_column type=&#8221;1_3&#8243; _builder_version=&#8221;4.5.7&#8243; z_index=&#8221;10&#8243; custom_padding_tablet=&#8221;&#8221; custom_padding_phone=&#8221;&#8221; custom_padding_last_edited=&#8221;on|phone&#8221; global_colors_info=&#8221;{}&#8221;][et_pb_text _builder_version=&#8221;4.5.7&#8243; text_font_size=&#8221;16px&#8221; text_line_height=&#8221;2em&#8221; custom_padding=&#8221;||0px|||&#8221; locked=&#8221;off&#8221; global_colors_info=&#8221;{}&#8221;]<\/p>\n<p>I am Industrial &amp; UX designer, Usability expert and Visual Artist, based in Oulu, Northern Finland. Art and creativity are my passion and way of living.<\/p>\n<p>My design work is always based on a strong understanding of the user and the customer need\u00b4s. In addition to design work, I make visual art as well as illustrations using various techniques. I am inspired by the human mind, the society and nature in art.\u00a0<\/p>\n<p>You can buy my art on <a href=\"https:\/\/www.etsy.com\/fi-en\/shop\/MariFinlandArt\">Etsy<\/a>\u00a0or by contacting me directly.<\/p>\n<p>[\/et_pb_text][\/et_pb_column][et_pb_column type=&#8221;1_3&#8243; _builder_version=&#8221;4.14.7&#8243; background_color=&#8221;rgba(18,135,111,0.32)&#8221; custom_padding=&#8221;6%|50px|6%|50px|true|true&#8221; global_colors_info=&#8221;{}&#8221;][et_pb_image src=&#8221;https:\/\/maripohjanvesi.fi\/wp-content\/uploads\/2022\/02\/272914105_691375528543179_5242691742356537218_n.png&#8221; alt=&#8221;sign&#8221; title_text=&#8221;sign&#8221; _builder_version=&#8221;4.14.7&#8243; max_width_tablet=&#8221;250px&#8221; max_width_phone=&#8221;180px&#8221; max_width_last_edited=&#8221;off|desktop&#8221; global_colors_info=&#8221;{}&#8221;][\/et_pb_image][\/et_pb_column][\/et_pb_row][\/et_pb_section][et_pb_section fb_built=&#8221;1&#8243; admin_label=&#8221;Works&#8221; _builder_version=&#8221;4.14.7&#8243; background_image=&#8221;https:\/\/maripohjanvesi.fi\/wp-content\/uploads\/2022\/02\/alcohol-ink-2.jpg&#8221; background_position=&#8221;top_center&#8221; global_colors_info=&#8221;{}&#8221;][et_pb_row column_structure=&#8221;2_5,3_5&#8243; _builder_version=&#8221;4.4.9&#8243; global_colors_info=&#8221;{}&#8221; custom_margin=&#8221;|184px||auto||&#8221;][et_pb_column type=&#8221;2_5&#8243; _builder_version=&#8221;4.4.9&#8243; global_colors_info=&#8221;{}&#8221;][et_pb_image src=&#8221;https:\/\/maripohjanvesi.fi\/wp-content\/uploads\/2022\/02\/Painter-artist-12.jpg&#8221; title_text=&#8221;Painter-artist-12&#8243; _builder_version=&#8221;4.4.9&#8243; locked=&#8221;off&#8221; global_colors_info=&#8221;{}&#8221;][\/et_pb_image][\/et_pb_column][et_pb_column type=&#8221;3_5&#8243; _builder_version=&#8221;4.4.9&#8243; global_colors_info=&#8221;{}&#8221;][et_pb_image src=&#8221;https:\/\/maripohjanvesi.fi\/wp-content\/uploads\/2022\/02\/273013687_1092574444617003_4256001714707753900_n.jpg&#8221; title_text=&#8221;korppi&#8221; _builder_version=&#8221;4.14.7&#8243; global_colors_info=&#8221;{}&#8221;][\/et_pb_image][\/et_pb_column][\/et_pb_row][et_pb_row column_structure=&#8221;3_5,2_5&#8243; _builder_version=&#8221;4.4.9&#8243; global_colors_info=&#8221;{}&#8221;][et_pb_column type=&#8221;3_5&#8243; _builder_version=&#8221;4.4.9&#8243; global_colors_info=&#8221;{}&#8221;][et_pb_image src=&#8221;https:\/\/maripohjanvesi.fi\/wp-content\/uploads\/2022\/08\/20220805_193056-scaled.jpg&#8221; title_text=&#8221;20220805_193056&#8243; _builder_version=&#8221;4.14.7&#8243; custom_padding=&#8221;|96px|35px|||&#8221; locked=&#8221;off&#8221; global_colors_info=&#8221;{}&#8221; width=&#8221;99.5%&#8221; custom_margin=&#8221;|||35px||&#8221;][\/et_pb_image][\/et_pb_column][et_pb_column type=&#8221;2_5&#8243; _builder_version=&#8221;4.4.9&#8243; global_colors_info=&#8221;{}&#8221;][et_pb_image src=&#8221;https:\/\/maripohjanvesi.fi\/wp-content\/uploads\/2022\/08\/20220802_160614-1.jpg&#8221; title_text=&#8221;Ahma&#8221; _builder_version=&#8221;4.14.7&#8243; custom_padding=&#8221;||1px|||&#8221; hover_enabled=&#8221;0&#8243; global_colors_info=&#8221;{}&#8221; alt=&#8221;Wolverine&#8221; sticky_enabled=&#8221;0&#8243; custom_margin=&#8221;|-53px|110px|||&#8221; min_height=&#8221;336px&#8221; width=&#8221;105.1%&#8221;][\/et_pb_image][\/et_pb_column][\/et_pb_row][\/et_pb_section][et_pb_section fb_built=&#8221;1&#8243; admin_label=&#8221;Footer&#8221; _builder_version=&#8221;4.5.7&#8243; overflow-x=&#8221;hidden&#8221; overflow-y=&#8221;hidden&#8221; saved_tabs=&#8221;all&#8221; locked=&#8221;off&#8221; global_colors_info=&#8221;{}&#8221;][et_pb_row _builder_version=&#8221;4.4.9&#8243; global_colors_info=&#8221;{}&#8221;][et_pb_column type=&#8221;4_4&#8243; _builder_version=&#8221;4.4.9&#8243; global_colors_info=&#8221;{}&#8221;][\/et_pb_column][\/et_pb_row][et_pb_row column_structure=&#8221;1_3,1_3,1_3&#8243; use_custom_gutter=&#8221;on&#8221; gutter_width=&#8221;1&#8243; _builder_version=&#8221;4.14.7&#8243; width=&#8221;91.6%&#8221; max_width=&#8221;1157px&#8221; global_colors_info=&#8221;{}&#8221;][et_pb_column type=&#8221;1_3&#8243; _builder_version=&#8221;4.4.9&#8243; global_colors_info=&#8221;{}&#8221;][et_pb_text _builder_version=&#8221;4.4.9&#8243; text_font=&#8221;Merriweather||||||||&#8221; text_text_color=&#8221;#000000&#8243; text_font_size=&#8221;26px&#8221; text_line_height=&#8221;2em&#8221; link_text_color=&#8221;#000000&#8243; header_6_font=&#8221;Montserrat|700||on|||||&#8221; header_6_text_color=&#8221;#fd6927&#8243; header_6_font_size=&#8221;12px&#8221; header_6_letter_spacing=&#8221;2px&#8221; header_6_line_height=&#8221;1.2em&#8221; text_orientation=&#8221;center&#8221; text_font_size_tablet=&#8221;18px&#8221; text_font_size_phone=&#8221;16px&#8221; text_font_size_last_edited=&#8221;on|desktop&#8221; locked=&#8221;off&#8221; global_colors_info=&#8221;{}&#8221;]<\/p>\n<h6>Email<\/h6>\n<p><a href=\"#\">mari.pohjanvesi@gmail.com<\/a><\/p>\n<p>[\/et_pb_text][\/et_pb_column][et_pb_column type=&#8221;1_3&#8243; _builder_version=&#8221;4.4.9&#8243; global_colors_info=&#8221;{}&#8221;][et_pb_text _builder_version=&#8221;4.5.1&#8243; text_font=&#8221;Merriweather||||||||&#8221; text_text_color=&#8221;#000000&#8243; text_font_size=&#8221;26px&#8221; text_line_height=&#8221;2em&#8221; header_6_font=&#8221;Montserrat|700||on|||||&#8221; header_6_text_color=&#8221;#fd6927&#8243; header_6_font_size=&#8221;12px&#8221; header_6_letter_spacing=&#8221;2px&#8221; header_6_line_height=&#8221;1.2em&#8221; text_orientation=&#8221;center&#8221; text_font_size_tablet=&#8221;18px&#8221; text_font_size_phone=&#8221;16px&#8221; text_font_size_last_edited=&#8221;on|desktop&#8221; locked=&#8221;off&#8221; global_colors_info=&#8221;{}&#8221;]<\/p>\n<h6>Living In<\/h6>\n<p>Oulu, Finland<\/p>\n<p>[\/et_pb_text][et_pb_text _builder_version=&#8221;4.5.1&#8243; text_font=&#8221;Merriweather||||||||&#8221; text_text_color=&#8221;#000000&#8243; text_font_size=&#8221;26px&#8221; text_line_height=&#8221;2em&#8221; header_6_font=&#8221;Montserrat|700||on|||||&#8221; header_6_text_color=&#8221;#fd6927&#8243; header_6_font_size=&#8221;12px&#8221; header_6_letter_spacing=&#8221;2px&#8221; header_6_line_height=&#8221;1.2em&#8221; text_orientation=&#8221;center&#8221; text_font_size_tablet=&#8221;18px&#8221; text_font_size_phone=&#8221;16px&#8221; text_font_size_last_edited=&#8221;on|desktop&#8221; locked=&#8221;off&#8221; global_colors_info=&#8221;{}&#8221;][\/et_pb_text][\/et_pb_column][et_pb_column type=&#8221;1_3&#8243; _builder_version=&#8221;4.4.9&#8243; global_colors_info=&#8221;{}&#8221;][et_pb_text _builder_version=&#8221;4.4.9&#8243; text_font=&#8221;Merriweather||||||||&#8221; text_text_color=&#8221;#000000&#8243; text_font_size=&#8221;26px&#8221; text_line_height=&#8221;2em&#8221; link_text_color=&#8221;#000000&#8243; header_6_font=&#8221;Montserrat|700||on|||||&#8221; header_6_text_color=&#8221;#fd6927&#8243; header_6_font_size=&#8221;12px&#8221; header_6_letter_spacing=&#8221;2px&#8221; header_6_line_height=&#8221;1.2em&#8221; text_orientation=&#8221;center&#8221; text_font_size_tablet=&#8221;18px&#8221; text_font_size_phone=&#8221;16px&#8221; text_font_size_last_edited=&#8221;on|desktop&#8221; locked=&#8221;off&#8221; global_colors_info=&#8221;{}&#8221;]<\/p>\n<h6>Phone<\/h6>\n<p><a href=\"#\">(+358)40 539 5354<\/a><\/p>\n<p>[\/et_pb_text][et_pb_image src=&#8221;https:\/\/maripohjanvesi.fi\/wp-content\/uploads\/2022\/02\/273213378_3070616719817674_149710797138740942_n.png&#8221; title_text=&#8221;273213378_3070616719817674_149710797138740942_n&#8221; _builder_version=&#8221;4.14.7&#8243; positioning=&#8221;absolute&#8221; position_origin_a=&#8221;top_right&#8221; vertical_offset=&#8221;-140%&#8221; horizontal_offset=&#8221;-53%&#8221; vertical_offset_tablet=&#8221;40%&#8221; vertical_offset_phone=&#8221;&#8221; vertical_offset_last_edited=&#8221;on|desktop&#8221; horizontal_offset_tablet=&#8221;0%&#8221; horizontal_offset_phone=&#8221;&#8221; horizontal_offset_last_edited=&#8221;on|desktop&#8221; width=&#8221;100%&#8221; max_width=&#8221;220px&#8221; max_width_tablet=&#8221;90px&#8221; max_width_phone=&#8221;60px&#8221; max_width_last_edited=&#8221;on|phone&#8221; custom_margin=&#8221;-13px||31px|||&#8221; custom_padding=&#8221;0px|||||&#8221; locked=&#8221;off&#8221; global_colors_info=&#8221;{}&#8221;][\/et_pb_image][\/et_pb_column][\/et_pb_row][\/et_pb_section]<\/p>\n","protected":false},"excerpt":{"rendered":"<p>Mari PohjanvesiVisual artist and Designer &nbsp;About meI am Industrial &amp; UX designer, Usability expert and Visual Artist, based in Oulu, Northern Finland. Art and creativity are my passion and way of living. My design work is always based on a strong understanding of the user and the customer need\u00b4s. In addition to design work, I [&hellip;]<\/p>\n","protected":false},"author":1,"featured_media":0,"parent":0,"menu_order":0,"comment_status":"closed","ping_status":"closed","template":"","meta":{"_et_pb_use_builder":"on","_et_pb_old_content":"<!-- wp:heading {\"align\":\"wide\",\"style\":{\"typography\":{\"lineHeight\":\"1.1\"}},\"className\":\"has-text-align-wide\",\"fontSize\":\"gigantic\"} -->\n<h2 class=\"alignwide has-text-align-wide has-gigantic-font-size\" style=\"line-height:1.1\"><\/h2>\n<!-- \/wp:heading -->\n\n<!-- wp:spacer -->\n<div style=\"height:100px\" aria-hidden=\"true\" class=\"wp-block-spacer\"><\/div>\n<!-- \/wp:spacer -->\n\n<!-- wp:columns {\"verticalAlignment\":\"center\",\"align\":\"wide\",\"className\":\"is-style-twentytwentyone-columns-overlap\"} -->\n<div class=\"wp-block-columns alignwide are-vertically-aligned-center is-style-twentytwentyone-columns-overlap\"><!-- wp:column {\"verticalAlignment\":\"center\"} -->\n<div class=\"wp-block-column is-vertically-aligned-center\"><!-- wp:image {\"align\":\"full\",\"sizeSlug\":\"large\"} -->\n<figure class=\"wp-block-image alignfull size-large\"><img src=\"http:\/\/www.maripohjanvesi.fi\/wp-content\/themes\/twentytwentyone\/assets\/images\/roses-tremieres-hollyhocks-1884.jpg\" alt=\"\u201cRoses Tr\u00e9mi\u00e8res\u201d by Berthe Morisot\"\/><\/figure>\n<!-- \/wp:image -->\n\n<!-- wp:spacer -->\n<div style=\"height:100px\" aria-hidden=\"true\" class=\"wp-block-spacer\"><\/div>\n<!-- \/wp:spacer -->\n\n<!-- wp:image {\"align\":\"full\",\"sizeSlug\":\"large\",\"className\":\"is-style-twentytwentyone-image-frame\"} -->\n<figure class=\"wp-block-image alignfull size-large is-style-twentytwentyone-image-frame\"><img src=\"http:\/\/www.maripohjanvesi.fi\/wp-content\/themes\/twentytwentyone\/assets\/images\/in-the-bois-de-boulogne.jpg\" alt=\"\u201cBoulognen mets\u00e4ss\u00e4\u201d, Berthe Morisot\"\/><\/figure>\n<!-- \/wp:image --><\/div>\n<!-- \/wp:column -->\n\n<!-- wp:column {\"verticalAlignment\":\"center\"} -->\n<div class=\"wp-block-column is-vertically-aligned-center\"><!-- wp:spacer -->\n<div style=\"height:100px\" aria-hidden=\"true\" class=\"wp-block-spacer\"><\/div>\n<!-- \/wp:spacer -->\n\n<!-- wp:image {\"sizeSlug\":\"large\",\"className\":\"alignfull size-full is-style-twentytwentyone-border\"} -->\n<figure class=\"wp-block-image size-large alignfull size-full is-style-twentytwentyone-border\"><img src=\"http:\/\/www.maripohjanvesi.fi\/wp-content\/themes\/twentytwentyone\/assets\/images\/young-woman-in-mauve.jpg\" alt=\"\u201cNuori nainen Mauvessa\u201d, Berthe Morisot\"\/><\/figure>\n<!-- \/wp:image --><\/div>\n<!-- \/wp:column --><\/div>\n<!-- \/wp:columns -->\n\n<!-- wp:spacer {\"height\":50} -->\n<div style=\"height:50px\" aria-hidden=\"true\" class=\"wp-block-spacer\"><\/div>\n<!-- \/wp:spacer -->\n\n<!-- wp:columns {\"verticalAlignment\":\"top\",\"align\":\"wide\"} -->\n<div class=\"wp-block-columns alignwide are-vertically-aligned-top\"><!-- wp:column {\"verticalAlignment\":\"top\"} -->\n<div class=\"wp-block-column is-vertically-aligned-top\"><!-- wp:heading {\"level\":3} -->\n<h3 id=\"lisaa-lohkomalleja\">Lis\u00e4\u00e4 lohkomalleja<\/h3>\n<!-- \/wp:heading -->\n\n<!-- wp:paragraph -->\n<p>Lohkomallit ovat ennalta suunniteltuja lohkoryhmi\u00e4. Lis\u00e4t\u00e4ksesi sellaisen, napsauta Lis\u00e4\u00e4 lohko -painiketta [+] editorin yl\u00e4osassa. Vaihda hakukent\u00e4n alapuolelta l\u00f6ytyv\u00e4lle Mallit-sivulehdelle ja valitse malli.<\/p>\n<!-- \/wp:paragraph --><\/div>\n<!-- \/wp:column -->\n\n<!-- wp:column {\"verticalAlignment\":\"top\"} -->\n<div class=\"wp-block-column is-vertically-aligned-top\"><!-- wp:heading {\"level\":3} -->\n<h3 id=\"kehysta-kuvasi\">Kehyst\u00e4 kuvasi<\/h3>\n<!-- \/wp:heading -->\n\n<!-- wp:paragraph -->\n<p>Twenty Twenty-One tarjoaa tyylikk\u00e4it\u00e4 kehyksi\u00e4 sis\u00e4ll\u00f6llesi. Valitse Kuva-lohko ja avaa Tyylit-paneeli editorin sivupalkista. Valitse lohkotyyli \"Kehys\" ottaaksesi se k\u00e4ytt\u00f6\u00f6n.<\/p>\n<!-- \/wp:paragraph --><\/div>\n<!-- \/wp:column -->\n\n<!-- wp:column {\"verticalAlignment\":\"top\"} -->\n<div class=\"wp-block-column is-vertically-aligned-top\"><!-- wp:heading {\"level\":3} -->\n<h3 id=\"paallekkaiset-palstat\">P\u00e4\u00e4llekk\u00e4iset palstat<\/h3>\n<!-- \/wp:heading -->\n\n<!-- wp:paragraph -->\n<p>Twenty Twenty-One tarjoaa my\u00f6s p\u00e4\u00e4llekk\u00e4isyystyylin palstalohkoille. Kun sinulla on Palstat-lohko valittuna, avaa Tyylit-paneeli editorin sivupalkista. Valitse lohkotyyli \"P\u00e4\u00e4llekk\u00e4isyys\" kokeillaksesi sit\u00e4.<\/p>\n<!-- \/wp:paragraph --><\/div>\n<!-- \/wp:column --><\/div>\n<!-- \/wp:columns -->\n\n<!-- wp:spacer -->\n<div style=\"height:100px\" aria-hidden=\"true\" class=\"wp-block-spacer\"><\/div>\n<!-- \/wp:spacer -->\n\n<!-- wp:cover {\"overlayColor\":\"green\",\"contentPosition\":\"center center\",\"isDark\":false,\"align\":\"wide\",\"className\":\"is-style-twentytwentyone-border\"} -->\n<div class=\"wp-block-cover alignwide is-light is-style-twentytwentyone-border\"><span aria-hidden=\"true\" class=\"has-green-background-color has-background-dim-100 wp-block-cover__gradient-background has-background-dim\"><\/span><div class=\"wp-block-cover__inner-container\"><!-- wp:spacer {\"height\":20} -->\n<div style=\"height:20px\" aria-hidden=\"true\" class=\"wp-block-spacer\"><\/div>\n<!-- \/wp:spacer -->\n\n<!-- wp:paragraph {\"fontSize\":\"huge\"} -->\n<p class=\"has-huge-font-size\">Tarvitsetko apua?<\/p>\n<!-- \/wp:paragraph -->\n\n<!-- wp:spacer {\"height\":75} -->\n<div style=\"height:75px\" aria-hidden=\"true\" class=\"wp-block-spacer\"><\/div>\n<!-- \/wp:spacer -->\n\n<!-- wp:columns -->\n<div class=\"wp-block-columns\"><!-- wp:column -->\n<div class=\"wp-block-column\"><!-- wp:paragraph -->\n<p><a href=\"https:\/\/wordpress.org\/support\/article\/twenty-twenty-one\/\">Lue teeman dokumentaatio<\/a><\/p>\n<!-- \/wp:paragraph --><\/div>\n<!-- \/wp:column -->\n\n<!-- wp:column -->\n<div class=\"wp-block-column\"><!-- wp:paragraph -->\n<p><a href=\"https:\/\/wordpress.org\/support\/theme\/twentytwentyone\/\">Tutustu tukifoorumeihin<\/a><\/p>\n<!-- \/wp:paragraph --><\/div>\n<!-- \/wp:column --><\/div>\n<!-- \/wp:columns -->\n\n<!-- wp:spacer {\"height\":20} -->\n<div style=\"height:20px\" aria-hidden=\"true\" class=\"wp-block-spacer\"><\/div>\n<!-- \/wp:spacer --><\/div><\/div>\n<!-- \/wp:cover -->","_et_gb_content_width":"","spay_email":""},"_links":{"self":[{"href":"https:\/\/maripohjanvesi.fi\/index.php\/wp-json\/wp\/v2\/pages\/6"}],"collection":[{"href":"https:\/\/maripohjanvesi.fi\/index.php\/wp-json\/wp\/v2\/pages"}],"about":[{"href":"https:\/\/maripohjanvesi.fi\/index.php\/wp-json\/wp\/v2\/types\/page"}],"author":[{"embeddable":true,"href":"https:\/\/maripohjanvesi.fi\/index.php\/wp-json\/wp\/v2\/users\/1"}],"replies":[{"embeddable":true,"href":"https:\/\/maripohjanvesi.fi\/index.php\/wp-json\/wp\/v2\/comments?post=6"}],"version-history":[{"count":146,"href":"https:\/\/maripohjanvesi.fi\/index.php\/wp-json\/wp\/v2\/pages\/6\/revisions"}],"predecessor-version":[{"id":638,"href":"https:\/\/maripohjanvesi.fi\/index.php\/wp-json\/wp\/v2\/pages\/6\/revisions\/638"}],"wp:attachment":[{"href":"https:\/\/maripohjanvesi.fi\/index.php\/wp-json\/wp\/v2\/media?parent=6"}],"curies":[{"name":"wp","href":"https:\/\/api.w.org\/{rel}","templated":true}]}}